 14 = 0. Suppose -310 = -5*m - q*a, -6*a + 2*a = 0. List the prime factors of m.
2, 31
Let k be 6/(-10) + 26/10. Suppose 3*h = h - k. List the prime factors of h*98*(-7)/14.
7
Let z(j) = 20 + 7*j - 20. List the prime factors of z(3).
3, 7
Suppose 2*i - 99 = -c, -5*c + 2*i + 430 = -i. Let v = c - 59. What are the prime factors of v?
2, 3, 5
Let a be (-1 - 2) + (-576)/(-6). Suppose 5*d - 2*d = -3*f + a, f = 5*d + 43. List the prime factors of f.
3, 11
Let a(l) = -79*l + 9. Let v be a(-3). Suppose 5*g - 851 = -v. List the prime factors of g.
11
Let t(a) = -5*a - 6. Let l be t(-7). Let s = 40 - l. List the prime factors of s.
11
Suppose 4*b = 3*i + 30, -2*b - i + 10 = -0*b. Let r = -3 + b. What are the prime factors of r/(-6)*4/(-1)?
2
List the prime factors of (60 - 58)/(1 - 55/56).
2, 7
Let d(r) = -r**2 + 16*r. Suppose -3*t - 28 + 4 = -2*f, 2*t = f - 12. Let h be d(f). Suppose 2*o - 27 = -5*i, 4*o + i = -3*i + h. List the prime factors of o.
11
Let n(k) = k**3 - 49*k**2 + 31*k - 86. List the prime factors of n(49).
1433
Let r(z) = 14*z**3 + 2*z**2 - 2*z + 1. Let w be r(1). Let m(v) = v + 8. Let x be m(-6). Suppose 29 + w = x*j. What are the prime factors of j?
2, 11
Let g(o) = -o**2 + 12*o + 8. Let y be g(-8). List the prime factors of (y/(-12))/((-4)/(-6)).
19
Suppose -150 = 2*n - 5*s + 38, -3*s = 4*n + 324. Let p = -17 - n. What are the prime factors of p?
67
Suppose -o - 2*j + 7 = -28, -4*o = 2*j - 146. Suppose -2*w = o - 91. List the prime factors of w.
3
Suppose 19*u - 44 = 15*u. Let m = u + -11. Suppose m = -2*q + r + 36, 3*q - 3*r = -3 + 51. List the prime factors of q.
2, 5
Let w = 1109 - 1047. What are the prime factors of w?
2, 31
Suppose -4*x - 16 = 0, -w + 2*w - 254 = -3*x. What are the prime factors of w?
2, 7, 19
Let f = 279 - 187. Suppose k - 3*s = -k + 87, -2*k - 2*s = -f. Suppose -2*a + 1 = -k. What are the prime factors of a?
23
Let x(m) = m**3 - m**2 + m + 1. Suppose -31 = -3*f + 5. Suppose 0 = -n + 5*n - f. What are the prime factors of x(n)?
2, 11
Let b be (31 - 1)*6/15. Let z = 15 - b. Suppose -z*u + f = 2*f - 145, 4*u - 176 = 3*f. What are the prime factors of u?
47
Let n = 295 - 186. Suppose q - 5*p = 54, 5*q - n = -5*p + 161. What are the prime factors of q?
2, 3
Let m(p) = 30*p**2 + 15*p + 7. What are the prime factors of m(-6)?
997
Suppose -10 = 5*q, -2*j = -0*j + 3*q + 12. Let t = 13 - j. What are the prime factors of t*(2 + (-9)/(-6))?
2, 7
Let u(h) = -h**3 - 13*h**2 - 18*h - 9. Let s be u(-12). Suppose 2*k + 19 = s. List the prime factors of k.
2, 11
Let s be (-1)/4 + 1/4. Suppose 3*c + 5*y = 329, -c + s*c + 123 = 5*y. List the prime factors of c.
103
Let d = 488 + 89. List the prime factors of d.
577
Let k(y) = 8*y**2 - 2*y - 2. Suppose 15 = f + 4*f. Let g = 1 - f. What are the prime factors of k(g)?
2, 17
Let g = 1942 + -694. List the prime factors of g.
2, 3, 13
Let v be (-1199)/9 + (-6)/(-27). List the prime factors of (-320)/(-7) + (-38)/v.
2, 23
Let l be (-4)/22 - (-4360)/22. Suppose 0 = 5*x - 147 - l. Suppose 3*s - x = 3*r, -4*s - 5*r + 56 + 0 = 0. What are the prime factors of s?
19
Suppose 13*l + 24 = 16*l. Suppose -l*p + 784 = -0*p. What are the prime factors of p?
2, 7
Let m = 8 + -1. Suppose 0 = -m*s + 6*s - 7. Let i = s + 55. List the prime factors of i.
2, 3
Suppose 0 = 4*a + 4*t + 412, -4*t - 10 = 6. Suppose -s = -4*s + 465. Let y = a + s. List the prime factors of y.
2, 7
Let w(z) = z**3 + 14*z**2 + z - 28. Suppose 0 = -2*k - 5*n - 4, 0 = -5*k + 5*n - 92 + 12. List the prime factors of w(k).
2, 31
Suppose 12*q - 21*q = -1764. What are the prime factors of q?
2, 7
Suppose -2*y - 2*a = -18, -2*y - 3 = -3*a - 1. Suppose -y = 4*v + 3*z - 13, -4*v + 32 = -3*z. Suppose 4*g - 48 = 2*t, -g - g = v*t. List the prime factors of g.
2, 5
Let n(b) = 28*b + 151. What are the prime factors of n(0)?
151
Let q = 273 + -160. List the prime factors of q.
113
Let d = -306 + 486. Suppose -7*g + d = -3*g. What are the prime factors of g?
3, 5
Let a = 57 - 57. Let z = -39 + 111. Suppose a*r = -4*r + z. What are the prime factors of r?
2, 3
Let w = 270 - -42. What are the prime factors of w?
2, 3, 13
Let v(z) = -z + 34. Let c be ((-1)/(-1) + 7)/2. Suppose -w = c*w. What are the prime factors of v(w)?
2, 17
Suppose -2*l = 4*f - 106, 0*f = -l - f + 53. List the prime factors of l.
53
Suppose -67 = -d + 113. Suppose -8*g = -11*g + d. What are the prime factors of g?
2, 3, 5
Suppose -13*n + 15*n = 126. Let g = 103 - n. What are the prime factors of g?
2, 5
Let k(c) = 4 + c - 11 + 4. Let u be k(7). Suppose 0 = -3*w + b + 68, w = -0*w - u*b + 40. List the prime factors of w.
2, 3
Let u = -1008 - -1712. List the prime factors of u.
2, 11
Let t(o) = o + 6. Let a be t(0). Suppose -3*q = -5*q + a. Let i = 7 - q. What are the prime factors of i?
2
Suppose 7*f = -0*f + 21. Let g(j) = -j**3 - 4*j**2 - j. Let v be g(-4). Suppose -5 = v*b + b, f*c = -3*b + 69. List the prime factors of c.
2, 3
Let m = 262 - 85. List the prime factors of m.
3, 59
Let f(v) = 3*v - 7. Let z be f(4). Suppose -z*l + j + 569 = 0, -2*l - l + 323 = 4*j. List the prime factors of l.
113
Suppose -6 = -3*v, -3*r + 22 = r - 5*v. Suppose -8 = -4*m + r. What are the prime factors of (m/(-10))/(6/(-390))?
2, 13
Let b(y) = -2*y - 6. Let o be b(-9). Let h = -7 + o. Suppose 115 + 80 = h*a. What are the prime factors of a?
3, 13
Let m(l) = l**3 + 6*l**2 - 10*l - 10. Let p be m(-7). Let r(g) = -10 + 12*g**2 + 15 - g**3 - 8*g + 7. List the prime factors of r(p).
3, 5
Let d be (-3)/(27/(-60))*3. Suppose 0 = 2*o + o - 4*c + 6, 4*o - d = -4*c. What are the prime factors of 3/((o + 2)/4)?
3
Let x be (24/18)/(1/(-6)). Let k(c) = -c**2 - 9*c + 11. Let b(p) = 1. Let o(u) = 4*b(u) + k(u). List the prime factors of o(x).
23
Let k be (-4 - -29)/(-5)*-1. List the prime factors of 107 + k + -2 + -3.
107
Let a = 15 + -11. Suppose f - 2*s = -a*f + 86, -2*f + 44 = 4*s. Suppose -5*v + f + 52 = 0. What are the prime factors of v?
2, 7
Suppose 2*t - 445 = -t + 5*n, 2*t + 3*n = 265. What are the prime factors of t?
2, 5, 7
Suppose -l = l - 76. Let t = l + -22. What are the prime factors of t?
2
Let g(b) be the first derivative of 7*b**3/3 + 11*b**2/2 + 25*b + 47. List the prime factors of g(-5).
5, 29
Let a = -60 - -113. Suppose 4*f - 5 = 3, q = 2*f. Suppose -4*y + 156 = -4*x, -a - 82 = -q*y - 3*x. What are the prime factors of y?
2, 3
Suppose 5*h = -5*r - 8 - 7, 2*r + 15 = -5*h. What are the prime factors of (-113)/h + 3/9?
2, 19
Let u(l) = -l**2 - 3*l + 4. Let q be u(-3). Suppose 2*j - 360 = -q*j. What are the prime factors of j?
2, 3, 5
Suppose 6*u - 6307 - 14087 = 0. List the prime factors of u.
3, 11, 103
Let j be -4*(-1)/(-2)*-9. Let g = 20 - j. Suppose g = -0*u + u. List the prime factors of u.
2
Let p be (-23)/(-3) - 2/3. Suppose -4*m + p*m = 6, -2*m + 50 = 2*f. List the prime factors of f.
23
Suppose 6525 = -3*h + 12*h. List the prime factors of h.
5, 29
List the prime factors of (-2*(-20)/(-16))/((-3)/2322).
3, 5, 43
Let m = 374 - 363. Suppose -7*r = -3*r + 164. Let o = m - r. List the prime factors of o.
2, 13
Let w(a) = -a**3 + a**2 + 3. Let j be w(0). Let y be 0 - ((-4 - 2) + j). Suppose 5*s - 18 - 127 = 5*n, -6 = y*n. List the prime factors of s.
3
Let p(s) = -4*s**3 - 9*s**2 - 5*s + 18. List the prime factors of p(-6).
2, 3, 7
List the prime factors of 98 + -38 - (-1 - 3).
2
List the prime factors of (90/(-10) + 11)*435/10.
3, 29
Let i(q) be the first derivative of 2*q**3/3 - 9*q**2 - 14*q - 7. Let k be i(13). Suppose 0*p - 3*p + k = 0. List the prime factors of p.
2, 3, 5
Let d(i) = -i**3 - 21*i**2 - 19*i + 19. Let w be d(-20). Let u(c) = -94*c**3 - c**2 - 2*c. List the prime factors of u(w).
5, 19
Let s be 2682/(-12)*4/6. Let w = s - -236. Suppose -5*j + w = -53. List the prime factors of j.
2, 7
Let p(z) = 3*z**2 - 25*z + 96. Let n(h) = h**2 - 13*h + 47. Let m(w) = 5*n(w) - 2*p(w). What are the prime factors of m(-15)?
43
Let m(v) = 382*v**3 - 4*v**2 + 17*v - 21. What are the prime factors of m(2)?
43, 71
Let q(l) = l**2 + 3*l - 19. Let o(z) = z + 3. Let x be o(6). What are the prime factors of q(x)?
89
Suppose 54*o + 1540 = 59*o. What are the prime factors of o?
2, 7, 11
Let a = -37 - -754. What are the prime factors of a?
3, 239
Let k = 42 - 41. List the prime factors o